f 108 and m.
12
Suppose 2*z - c = 1, 3*c = -4*z + 24 - 7. Suppose -d - z = -12. What is the greatest common factor of 70 and d?
10
Let q(p) = -p**3 + 8*p**2 + 7*p + 1. Let f be q(8). Calculate the greatest common factor of 19 and f.
19
Suppose -j + 72 = -4*r, 0*j = -4*j - 3*r + 345. Calculate the greatest common factor of j and 12.
12
Suppose 2*r - 21 = -o - 1, 0 = 2*r + 3*o - 20. Let w(a) = -18*a + 8. Suppose -5*s = -9*s - 16. Let c be w(s). What is the highest common factor of c and r?
10
Suppose 5*t + 720 = 13*t. What is the greatest common divisor of 36 and t?
18
Let f = -63 + 89. Calculate the highest common factor of f and 13.
13
Let p(u) = 33*u - 4. Let b be p(3). Let z = 25 - 6. What is the greatest common factor of z and b?
19
Let v be 1*(-3 + 4) + 7. Let a(n) = -n**2 + 17*n. Let y be a(v). Suppose 6*g = g + 40. Calculate the greatest common factor of y and g.
8
Let f be (-1204)/(-10) + (-6)/15. Let a = 30 - 15. Calculate the highest common divisor of a and f.
15
Let k = 214 - 25. What is the highest common factor of 21 and k?
21
Let v = 46 + -27. Let b = v + -3. Calculate the greatest common factor of 112 and b.
16
Let f(m) = -m**2 - 20*m - 29. Let r be f(-9). What is the greatest common factor of r and 42?
14
Let n(v) = v**2 + 1. Let a be n(-1). Suppose -96 = -5*x + 4*c, -3*x = 3*c + c - 32. Calculate the greatest common factor of a and x.
2
Let k(p) = 88*p**2 - p + 1. Let y be k(1). What is the highest common factor of 11 and y?
11
Let r be 4/(-6)*374*3/(-4). Suppose 0 = k - 3*c - 32, -4*k + 3*c + 5 = -78. What is the greatest common factor of r and k?
17
Suppose 0 = -4*n + n. Suppose -5*x - 6 - 4 = n, 5*d - 2*x = 39. Let z = 22 - d. Calculate the highest common divisor of 75 and z.
15
Let a(t) = -3*t - 10. Let s be a(-8). Let o = s - -11. What is the greatest common factor of o and 5?
5
Let g = 20 + 0. Calculate the highest common divisor of g and 20.
20
Suppose -195 - 30 = -5*d. Suppose c - 4*j = -7, -c + 29 = 5*j - 0*j. Calculate the highest common divisor of d and c.
9
Suppose 68 = -5*a - 112. Let j be (-330)/9*a/30. Calculate the greatest common factor of 4 and j.
4
Let f(c) = -c**2 - 11*c - 7. Let t be f(-8). Calculate the highest common divisor of 17 and t.
17
Let p(z) = -5*z**3 - z**2 + 2*z - 1. Let f be p(1). Let n be ((-2)/4)/(f/(-40)). Let g be n/(-14) - 271/(-7). What is the highest common divisor of g and 26?
13
Let b = -12 - -332. What is the greatest common divisor of b and 40?
40
Suppose -8*k + 3*k - 80 = 0. Let n = k + 32. Let x = 158 + -46. Calculate the highest common factor of x and n.
16
Suppose -7*i = 2*p - 9*i - 52, i + 122 = 5*p. Calculate the greatest common factor of p and 180.
12
Let y = 69 + -45. Let i = y - 10. What is the highest common divisor of i and 14?
14
Let q be ((-24)/30)/((-2)/10). Let p(z) = z**2 + z + 6. Let m be p(5). Calculate the highest common divisor of m and q.
4
Let x = -6 + 4. Let j be x - (-8 - (-1 - 1)). Suppose 5*v - 30 = -2*t, 0 = t + j*v - 9 - 6. What is the highest common factor of t and 5?
5
Suppose 4*p + 38 - 214 = 0. Suppose -3*s - 12 = -6*s. Calculate the greatest common factor of s and p.
4
Let z be -42*7/(21/(-2)). What is the greatest common factor of 56 and z?
28
Suppose 4*l + l = 55. Let a = l + 4. Calculate the greatest common factor of a and 60.
15
Let g = -25 + 52. Suppose s + g = 2*w, 18 = w + 2*s - 3. Calculate the greatest common divisor of 135 and w.
15
Suppose -135*a + 42 = -133*a. Let f be 1/(-2) + 7/2. What is the highest common factor of a and f?
3
Let g be -3 + 1 - (0 - 2). Suppose -w + 3*w - 114 = g. What is the greatest common divisor of w and 19?
19
Suppose k = -4*k - 55. Let l = 21 + k. What is the greatest common divisor of 90 and l?
10
Suppose 4 = -2*q - 4*f - 0*f, 0 = -q - 4*f + 2. Let h be ((-3)/q)/(1/22). What is the highest common divisor of 33 and h?
11
Suppose 3*s + 24 = 6. Let t(n) = n**3 + 5*n**2 - 9*n - 5. Let g be t(s). Suppose -g = -5*p + 17. Calculate the greatest common factor of p and 9.
3
Let v be 5 + 0/(-2 + 5). Suppose c = 4, 24 = 4*d - 2*c - 148. Calculate the greatest common factor of d and v.
5
Let y = 215 - -44. Let b = -184 + y. Suppose 3*s = -2*p + b, -4*p + 5*s + 38 = -57. Calculate the greatest common factor of p and 3.
3
Let j(p) = p**2 + 4*p + 6. Let o be j(-4). Calculate the greatest common factor of o and 12.
6
Let x = -1 + 10. Calculate the highest common factor of x and 3.
3
Let h = -4 - 1. Let z = 7 + h. Suppose 3*c = -z*c + 20. What is the highest common factor of c and 32?
4
Let n(o) = 3*o - 9*o + 5 - 6 - 5*o. Let d be n(-2). Calculate the greatest common divisor of 3 and d.
3
Suppose g = -2*g + 9. Suppose -4*d - 17 = -c, 8*d - 10 = -5*c + g*d. What is the highest common divisor of c and 35?
5
Let b be (-38)/4 + 3/(-6). Let t = -1 - b. Calculate the highest common factor of t and 81.
9
Let r be (-1 + -2)/(6/(-4)). Suppose -2*o = 3*y - 4, 3*y - 1 = r*o + 7. Let c be 74 + 5 + o + 3. Calculate the highest common factor of 9 and c.
9
Let t(a) = 3*a - 4. Let n be t(8). Calculate the highest common divisor of 30 and n.
10
Let n = -24 + 34. Let s = 14 - n. Calculate the greatest common factor of 1 and s.
1
Let u be 12/(-8)*76/(-6). What is the highest common factor of 171 and u?
19
Suppose 4*r - 3 = 3*r. Suppose 0 = x - 3*x - 5*g - 8, -4*x - 4*g = 16. Let v = x - -7. Calculate the greatest common factor of v and r.
3
Let t be 28/6 + (-4)/(-12). Suppose -t*s + 1 = -2*n, -n = -4*s + 3*s + 2. Let i be -2*-1*(-3)/n. Calculate the highest common factor of 2 and i.
2
Suppose 107 = 6*u - 109. What is the highest common factor of u and 24?
12
Let m(z) = 2*z**2 - 7*z - 6. Let o be m(6). Let a(l) = 25*l. Let i be a(1). Let y be (20/i)/(2/40). Calculate the highest common divisor of o and y.
8
Let g = -8 + -29. Let w be 2/(4/(-2))*9. Let d = w - g. What is the highest common divisor of d and 4?
4
Let j(v) = -v**2 + 16*v - 14. Let b be j(15). Suppose q = 1 + b. Calculate the highest common factor of q and 2.
2
Suppose -6 = 2*y - 30. Let c be 0 + 2 + -29 + -1. Let l = c + 40. Calculate the greatest common divisor of y and l.
12
Suppose 2*l - 12 = -2*l. Let d be 558 - 6/9*l. Suppose 0 = -4*j + g + 747, 0*j + d = 3*j - 5*g. What is the greatest common divisor of j and 17?
17
Let o(c) = 7*c - 1. Let t be o(15). Calculate the highest common factor of 26 and t.
26
Suppose 0 = g + 4. Let r = g + 13. Suppose -3*k - 11 + 38 = 0. What is the highest common divisor of k and r?
9
Let x(t) = -2*t - 6*t + 0*t. Let v be x(-1). What is the highest common divisor of 24 and v?
8
Let g be (2 - 0)*17 - (16 + -12). Suppose 18 = 2*s - 2*p, -3*p + 2 = 2*s - p. Suppose s*v + 18 = 93. Calculate the highest common divisor of g and v.
15
Let r = -46 - -74. Let m(l) = 5*l. Let j be m(1). Suppose 2*g = j*h - 26, -4*h + 29 = h - 3*g. What is the highest common divisor of h and r?
4
Let i = 14 + -7. Calculate the highest common factor of 56 and i.
7
Let l(d) = d + 20. Let z be l(14). Let u = z - -86. Let t(x) = -x**3 + 4*x**2 + 4*x - 1. Let o be t(4). Calculate the highest common divisor of o and u.
15
Let o(m) = 4*m. Let y be o(1). Let t = y + -4. Suppose 2*n + 2*h = -3*n + 79, t = -5*n - h + 77. What is the highest common divisor of 30 and n?
15
Let j = 3 + 0. Let v be 642/27 + 4/18. What is the greatest common factor of v and j?
3
Let j be -1*(0 + -2 + -13). Let c = j + -9. Calculate the greatest common factor of c and 15.
3
Let r be (27/(-6))/((-9)/12). What is the greatest common factor of 4 and r?
2
Let r(a) be the second derivative of 7*a**3/3 - 2*a**2 + 3*a. Let z be r(3). What is the highest common divisor of z and 19?
19
Suppose -4*i = -5*i - 3*t - 7, t + 4 = 0. What is the highest common factor of 10 and i?
5
Suppose 3*c = 3*j - 2*c - 513, -2*c + 182 = j. Let d be (-2 + (-3)/4)*-8. What is the greatest common factor of d and j?
22
Suppose -4*z + 76 = 3*t + t, -4*z = 3*t - 59. Calculate the greatest common factor of 170 and t.
17
Suppose 140 = 4*x - 2*x + 2*m, -5*x = -3*m - 350. Suppose 0 = 7*k - 2*k - 75. Let h = k + -8. Calculate the highest common factor of h and x.
7
Let j(s) = s**3 + 6*s**2 + 4. Let b be j(-6). Let t be (b/6)/((-3)/(-216)). Suppose t = -0*n + 2*n. Calculate the greatest common factor of 3 and n.
3
Let b(l) = 10*l**3 - l**2 + 3*l -